{"id":1596,"date":"2020-08-15T16:29:16","date_gmt":"2020-08-15T16:29:16","guid":{"rendered":"http:\/\/www.artemis-arte-pedagogia.it\/?page_id=1596"},"modified":"2020-08-15T16:31:14","modified_gmt":"2020-08-15T16:31:14","slug":"classi-i-viii","status":"publish","type":"page","link":"https:\/\/www.artemis-arte-pedagogia.it\/?page_id=1596","title":{"rendered":"Classi I-VIII"},"content":{"rendered":"<div id=\"m_-667779945857864846yui_3_16_0_ym19_1_1483955587000_33268\"><b id=\"m_-8964057812116303680yui_3_16_0_ym19_1_1508776319345_20139\">Scienza, arte e manualit\u00e0 armonicamente articolate dalla prima (6-7 anni) all&#8217;ottava classe (14 anni), secondo le esigenze specifiche di ogni et\u00e0.<\/b><\/div>\n<div>\n<p><br id=\"m_-8964057812116303680yui_3_16_0_ym19_1_1508776319345_20080\">Il piano di studi della pedagogia steineriana segue la metamorfosi della coscienza dell&#8217;uomo dall&#8217;et\u00e0 infantile fino all&#8217;et\u00e0 adulta.<br id=\"m_-8964057812116303680yui_3_16_0_ym19_1_1508776319345_20081\">Vogliamo cos\u00ec sostenere il percorso verso la libert\u00e0 dell&#8217;essere umano e contemporaneamente fornirgli forza d&#8217;animo e salute per la vita.<\/p>\n<div id=\"m_-8964057812116303680yui_3_16_0_ym19_1_1508776319345_20131\" dir=\"ltr\">Il piano di studi favorisce l&#8217;acquisizione di competenze manuali, problem-solving, capacit\u00e0 sociali e relazionali, creativit\u00e0 e fantasia, ragionamento induttivo e deduttivo, intelligenza pratica e facolt\u00e0 di astrazione senza perdere in calore d&#8217;animo. Particolare attenzione viene riservata ai momenti di crisi, in cui la biografia individuale naturalmente si sviluppa, con opportune modalit\u00e0 di insegnamento delle materie.<\/div>\n<div dir=\"ltr\">\n<p class=\"western\"><a href=\"https:\/\/www.artemis-arte-pedagogia.it\/wp-content\/uploads\/2019\/04\/96c346c22ff6a440c6403eb84b444f9d.jpg\"><img decoding=\"async\" loading=\"lazy\" class=\"wp-image-1594 alignleft\" src=\"https:\/\/www.artemis-arte-pedagogia.it\/wp-content\/uploads\/2019\/04\/96c346c22ff6a440c6403eb84b444f9d-201x300.jpg\" alt=\"\" width=\"276\" height=\"412\" srcset=\"https:\/\/www.artemis-arte-pedagogia.it\/wp-content\/uploads\/2019\/04\/96c346c22ff6a440c6403eb84b444f9d-201x300.jpg 201w, https:\/\/www.artemis-arte-pedagogia.it\/wp-content\/uploads\/2019\/04\/96c346c22ff6a440c6403eb84b444f9d.jpg 214w\" sizes=\"(max-width: 276px) 100vw, 276px\" \/><\/a>La pedagogia Steiner-Waldorf, in costante espansione in ogni continente, ha le sue radici nella concezione dell\u2019uomo e del mondo di Rudolf Steiner. Si fonda sulla continua ricerca scientifico-artistico-pratica dell\u2019insegnante e della compagine sociale che sostiene questa impresa culturale. Oggi pi\u00f9 che mai si sta rivelando un eccellente antidoto agli attacchi che pervengono alla libert\u00e0 dell&#8217;uomo e alla sua sfera emozionale nel periodo dell&#8217;infanzia e dell&#8217;adolescenza.<\/p>\n<p class=\"western\">Dalla prima scuola a Stoccarda nel 1919, ora troviamo oltre 2600 scuole Steiner-Waldorf nei 5 continenti. Una pedagogia che si dimostra davvero universale, capace di essere rielaborata e applicata con successo nel rispetto di qualsiasi contesto sociale e culturale.<\/p>\n<p class=\"western\">Si osserva al giorno d&#8217;oggi povert\u00e0 pedagogica-educativa, anticipazione delle tappe evolutive del bambino, generale iperstimolazione sensoriale attraverso strumenti di realt\u00e0 virtuale e ipostimolazione con oggetti reali, precocizzazione intellettiva. I bambini di oggi si mostrano spesso stanchi, svogliati, parrebbero pigri. In realt\u00e0 non hanno sviluppato a sufficienza coordinazione, abilit\u00e0 motoria e forze di entusiasmo e volont\u00e0, accanto all\u2019amore per la conoscenza.<\/p>\n<p class=\"western\">Un lavoro che sostenga la famiglia e che porti salute e benessere fisico ed emozionale si rende urgente e necessario oggi. I bambini e ragazzi hanno bisogno di un ambiente che non solo fornisca un&#8217;istruzione, ma che anche formi, educhi, nel pieno senso del termine, ad affrontare le complessit\u00e0 e le sfide della vita interiore ed esteriore e i genitori stessi necessitano di acquisire strumenti concreti per il loro vivere quotidiano.<\/p>\n<p>&nbsp;<\/p>\n<div id=\"Sezione1\" dir=\"ltr\">&nbsp;<\/div>\n<\/div>\n<div id=\"m_-8964057812116303680yui_3_16_0_ym19_1_1508776319345_22007\" dir=\"ltr\">&nbsp;<\/div>\n<div id=\"m_-8964057812116303680yui_3_16_0_ym19_1_1508776319345_22015\" dir=\"ltr\">Periodicamente si svolgono delle conferenze di&nbsp;presentazione generale della pedagogia Steiner-Waldorf: dell\u2019antropologia che la sostiene, del piano di studi, della prassi educativa e della maturit\u00e0 scolare.<\/div>\n<div dir=\"ltr\">&nbsp;<\/div>\n<div dir=\"ltr\"><em>&nbsp;A cura di Mauro Franzin, insegnante di classe e di materia nelle scuole Steiner-Waldorf.<\/em><\/div>\n<\/div>\n<div>&nbsp;<\/div>\n<div><p>Invalid Displayed Gallery<\/p><\/div>\n<div>&nbsp;<\/div>\n<div>&nbsp;<\/div>\n<div>&nbsp;<\/div>\n<div>&nbsp;<\/div>\n<!-- AddThis Advanced Settings generic via filter on the_content --><!-- AddThis Share Buttons generic via filter on the_content -->","protected":false},"excerpt":{"rendered":"<p>Scienza, arte e manualit\u00e0 armonicamente articolate dalla prima (6-7 anni) all&#8217;ottava classe (14 anni), secondo le esigenze specifiche di ogni et\u00e0. Il piano di studi della pedagogia steineriana segue la metamorfosi della coscienza dell&#8217;uomo dall&#8217;et\u00e0 infantile fino all&#8217;et\u00e0 adulta.Vogliamo cos\u00ec sostenere il percorso verso la libert\u00e0 dell&#8217;essere umano e contemporaneamente fornirgli forza d&#8217;animo e salute per la vita. Il piano di studi favorisce l&#8217;acquisizione di competenze manuali, problem-solving, capacit\u00e0 sociali e relazionali, creativit\u00e0 e fantasia, ragionamento induttivo e deduttivo, intelligenza<a class=\"more-link\" href=\"https:\/\/www.artemis-arte-pedagogia.it\/?page_id=1596\"><span>Continua a leggere&#8230;<\/span><\/a><!-- AddThis Advanced Settings generic via filter on get_the_excerpt --><!-- AddThis Share Buttons generic via filter on get_the_excerpt --><\/p>\n","protected":false},"author":1,"featured_media":1586,"parent":0,"menu_order":0,"comment_status":"closed","ping_status":"closed","template":"","meta":{"ngg_post_thumbnail":0},"_links":{"self":[{"href":"https:\/\/www.artemis-arte-pedagogia.it\/index.php?rest_route=\/wp\/v2\/pages\/1596"}],"collection":[{"href":"https:\/\/www.artemis-arte-pedagogia.it\/index.php?rest_route=\/wp\/v2\/pages"}],"about":[{"href":"https:\/\/www.artemis-arte-pedagogia.it\/index.php?rest_route=\/wp\/v2\/types\/page"}],"author":[{"embeddable":true,"href":"https:\/\/www.artemis-arte-pedagogia.it\/index.php?rest_route=\/wp\/v2\/users\/1"}],"replies":[{"embeddable":true,"href":"https:\/\/www.artemis-arte-pedagogia.it\/index.php?rest_route=%2Fwp%2Fv2%2Fcomments&post=1596"}],"version-history":[{"count":1,"href":"https:\/\/www.artemis-arte-pedagogia.it\/index.php?rest_route=\/wp\/v2\/pages\/1596\/revisions"}],"predecessor-version":[{"id":1597,"href":"https:\/\/www.artemis-arte-pedagogia.it\/index.php?rest_route=\/wp\/v2\/pages\/1596\/revisions\/1597"}],"wp:featuredmedia":[{"embeddable":true,"href":"https:\/\/www.artemis-arte-pedagogia.it\/index.php?rest_route=\/wp\/v2\/media\/1586"}],"wp:attachment":[{"href":"https:\/\/www.artemis-arte-pedagogia.it\/index.php?rest_route=%2Fwp%2Fv2%2Fmedia&parent=1596"}],"curies":[{"name":"wp","href":"https:\/\/api.w.org\/{rel}","templated":true}]}}