{"id":28,"date":"2014-12-22T11:10:33","date_gmt":"2014-12-22T11:10:33","guid":{"rendered":"http:\/\/www.artemis-arte-pedagogia.it\/?page_id=28"},"modified":"2025-12-04T22:24:19","modified_gmt":"2025-12-04T22:24:19","slug":"contatti","status":"publish","type":"page","link":"https:\/\/www.artemis-arte-pedagogia.it\/?page_id=28","title":{"rendered":"CONTATTACI E SOSTIENICI"},"content":{"rendered":"\n<p><\/p>\n\n\n\n<h1><strong><strong>Contatti<\/strong><\/strong><\/h1>\n\n\n<p>Per conoscere noi e le nostre attivit\u00e0 puoi scriverci all&#8217;indirizzo e-mail <a href=\"https:\/\/www.artemis-arte-pedagogia.it\/wp-admin\/artemis.arte.pedagogia@gmail.com\">artemis.arte.pedagogia@gmail.com<\/a> oppure chiamarci al numero 34 79398023. <br data-rich-text-line-break=\"true\">Siamo presenti anche su <a href=\"https:\/\/www.facebook.com\/Associazione-Artemis-arte-e-pedagogia-steineriana-a-Trieste-1548448512096865\/?fref=ts\">Facebook<\/a> e su <a href=\"https:\/\/www.instagram.com\/steinerwaldorftrieste\/\" data-rich-text-format-boundary=\"true\">Instagram<\/a>!<\/p>\n<h1 class=\"entry-title\"><strong>Sostieni il nostro progetto pedagogico<\/strong><\/h1>\n<p>Non potendo contare su contributi statali regolari e costanti, la nostra realt\u00e0 \u00e8 essenzialmente sostenuta dalla splendida comunit\u00e0 di persone che la compongono e la circondano. Genitori, insegnanti e simpatizzanti fanno dono all&#8217;associazione di tempo, competenze e risorse economiche. Ogni aiuto \u00e8 per noi vitale. Contributi come il tuo ci consentono di far crescere il nostro progetto pedagogico e culturale, dandoci la possibilit\u00e0 di accogliere sempre pi\u00f9 bambini e famiglie in un percorso che sviluppa la conoscenza, porta benessere e valorizza i talenti per la costruzione di un mondo migliore.<br>Grazie del tuo prezioso supporto: grande o piccolo per noi significa tantissimo!<\/p>\n<p><b>Dona con un click:<\/b><\/p>\n<form action=\"https:\/\/www.paypal.com\/cgi-bin\/webscr\" method=\"post\" target=\"_top\"><input title=\"PayPal - The safer, easier way to pay online!\" alt=\"Fai una donazione con il pulsante PayPal\" name=\"submit\" src=\"https:\/\/www.paypalobjects.com\/it_IT\/IT\/i\/btn\/btn_donateCC_LG.gif\" type=\"image\"><br><img decoding=\"async\" loading=\"lazy\" src=\"https:\/\/www.paypal.com\/it_IT\/i\/scr\/pixel.gif\" alt=\"\" width=\"1\" height=\"1\" border=\"0\"><\/form>\n<p>Oppure se preferisci, puoi donare tramite bonifico bancario:<\/p>\n<pre>ARTEMIS APS\nIBAN: IT 51 Q 05018 02200 000012383600\nCAUSALE: DEVOLUZIONE LIBERALE<\/pre>\n\n\n<h1><strong><strong>5 x 1000 <\/strong><\/strong><\/h1>\n\n\n\n<p>Un altro modo prezioso per sostenerci \u00e8 devolvere il 5 per mille ad Artemis APS indicando il codice 90145760329 nell&#8217;apposito riquadro dei modelli di dichiarazione dei redditi. <br>Un semplice gesto che per noi vale molto, grazie di cuore!<\/p>\n\n\n\n<figure class=\"wp-block-image size-large is-resized\"><a href=\"https:\/\/www.artemis-arte-pedagogia.it\/wp-content\/uploads\/2024\/01\/Volantino5x1000.png\"><img decoding=\"async\" loading=\"lazy\" src=\"https:\/\/www.artemis-arte-pedagogia.it\/wp-content\/uploads\/2024\/01\/Volantino5x1000-1024x726.png\" alt=\"\" class=\"wp-image-1860\" width=\"512\" height=\"363\" srcset=\"https:\/\/www.artemis-arte-pedagogia.it\/wp-content\/uploads\/2024\/01\/Volantino5x1000-1024x726.png 1024w, https:\/\/www.artemis-arte-pedagogia.it\/wp-content\/uploads\/2024\/01\/Volantino5x1000-300x213.png 300w, https:\/\/www.artemis-arte-pedagogia.it\/wp-content\/uploads\/2024\/01\/Volantino5x1000-768x545.png 768w, https:\/\/www.artemis-arte-pedagogia.it\/wp-content\/uploads\/2024\/01\/Volantino5x1000-1536x1090.png 1536w, https:\/\/www.artemis-arte-pedagogia.it\/wp-content\/uploads\/2024\/01\/Volantino5x1000.png 1748w\" sizes=\"(max-width: 512px) 100vw, 512px\" \/><\/a><\/figure>\n<!-- AddThis Advanced Settings generic via filter on the_content --><!-- AddThis Share Buttons generic via filter on the_content -->","protected":false},"excerpt":{"rendered":"<p>Contatti Per conoscere noi e le nostre attivit\u00e0 puoi scriverci all&#8217;indirizzo e-mail artemis.arte.pedagogia@gmail.com oppure chiamarci al numero 34 79398023. Siamo presenti anche su Facebook e su Instagram! Sostieni il nostro progetto pedagogico Non potendo contare su contributi statali regolari e costanti, la nostra realt\u00e0 \u00e8 essenzialmente sostenuta dalla splendida comunit\u00e0 di persone che la compongono e la circondano. Genitori, insegnanti e simpatizzanti fanno dono all&#8217;associazione di tempo, competenze e risorse economiche. Ogni aiuto \u00e8 per noi vitale. Contributi come il<a class=\"more-link\" href=\"https:\/\/www.artemis-arte-pedagogia.it\/?page_id=28\"><span>Continua a leggere&#8230;<\/span><\/a><!-- AddThis Advanced Settings generic via filter on get_the_excerpt --><!-- AddThis Share Buttons generic via filter on get_the_excerpt --><\/p>\n","protected":false},"author":1,"featured_media":875,"parent":0,"menu_order":0,"comment_status":"closed","ping_status":"closed","template":"","meta":{"ngg_post_thumbnail":0},"_links":{"self":[{"href":"https:\/\/www.artemis-arte-pedagogia.it\/index.php?rest_route=\/wp\/v2\/pages\/28"}],"collection":[{"href":"https:\/\/www.artemis-arte-pedagogia.it\/index.php?rest_route=\/wp\/v2\/pages"}],"about":[{"href":"https:\/\/www.artemis-arte-pedagogia.it\/index.php?rest_route=\/wp\/v2\/types\/page"}],"author":[{"embeddable":true,"href":"https:\/\/www.artemis-arte-pedagogia.it\/index.php?rest_route=\/wp\/v2\/users\/1"}],"replies":[{"embeddable":true,"href":"https:\/\/www.artemis-arte-pedagogia.it\/index.php?rest_route=%2Fwp%2Fv2%2Fcomments&post=28"}],"version-history":[{"count":20,"href":"https:\/\/www.artemis-arte-pedagogia.it\/index.php?rest_route=\/wp\/v2\/pages\/28\/revisions"}],"predecessor-version":[{"id":2095,"href":"https:\/\/www.artemis-arte-pedagogia.it\/index.php?rest_route=\/wp\/v2\/pages\/28\/revisions\/2095"}],"wp:featuredmedia":[{"embeddable":true,"href":"https:\/\/www.artemis-arte-pedagogia.it\/index.php?rest_route=\/wp\/v2\/media\/875"}],"wp:attachment":[{"href":"https:\/\/www.artemis-arte-pedagogia.it\/index.php?rest_route=%2Fwp%2Fv2%2Fmedia&parent=28"}],"curies":[{"name":"wp","href":"https:\/\/api.w.org\/{rel}","templated":true}]}}